{"id":280,"date":"2022-11-21T10:18:34","date_gmt":"2022-11-21T10:18:34","guid":{"rendered":"https:\/\/schutzundrettung-koeniz.ch\/?page_id=280"},"modified":"2022-12-15T17:26:12","modified_gmt":"2022-12-15T17:26:12","slug":"impressum","status":"publish","type":"page","link":"https:\/\/schutzundrettung-koeniz.ch\/index.php\/impressum\/","title":{"rendered":"Impressum"},"content":{"rendered":"\n<h2 class=\"wp-block-heading\">Impressum<\/h2>\n\n\n\n<div style=\"height:30px\" aria-hidden=\"true\" class=\"wp-block-spacer\"><\/div>\n\n\n\n<h4 class=\"wp-block-heading\">Kontakt<\/h4>\n\n\n\n<p class=\"wp-block-paragraph\">Schutz &amp; Rettung K\u00f6niz<br>Stefan Von Allmen<br>Abteilung Sicherheit<br>S\u00e4gestrasse 42<br>3098 K\u00f6niz<\/p>\n\n\n\n<p class=\"wp-block-paragraph\">031 970 96 20<br><a href=\"mailto:stefan.vonallmen@koeniz.ch\">stefan.vonallmen@koeniz.ch<\/a><br><a href=\"https:\/\/preview.schutzundrettung-koeniz.ch\/kontakt\/\" data-type=\"page\" data-id=\"114\">Kontaktformular<\/a><\/p>\n\n\n\n<div style=\"height:30px\" aria-hidden=\"true\" class=\"wp-block-spacer\"><\/div>\n\n\n\n<h4 class=\"wp-block-heading\">Bildrechte<\/h4>\n\n\n\n<p class=\"wp-block-paragraph\"><strong>Feuerwehr K\u00f6niz:<\/strong> Es wurden teilweise Bilder der Feuerwehr K\u00f6niz verwendet.<br><strong>Zivilschutzorganisation K\u00f6niz:<\/strong> Mit freundlicher Genehmigung des&nbsp;<a rel=\"noreferrer noopener\" href=\"http:\/\/www.bevoelkerungsschutz.admin.ch\/internet\/bs\/de\/home\/das_babs.html\" target=\"_blank\">Bundesamtes f\u00fcr Bev\u00f6lkerungsschutz BABS<\/a>.<br><strong>Shutterstock \/ Pixabay:<\/strong>&nbsp;Es wurden teilweise lizenzierte Bilder und Videos der Bilddienste Pixabay und Shutterstock als Symbolbilder verwendet.<\/p>\n\n\n\n<div style=\"height:30px\" aria-hidden=\"true\" class=\"wp-block-spacer\"><\/div>\n\n\n\n<h4 class=\"wp-block-heading\">Werbung \u00fcber E-Mail und Post<\/h4>\n\n\n\n<p class=\"wp-block-paragraph\">Werbung ist ausdr\u00fccklich nicht erw\u00fcnscht, unabh\u00e4ngig davon, auf welchem Weg diese bei uns eintrifft. Absender von unerw\u00fcnschten elektronischen Werbenachrichten werden nach unserem Ermessen im Spamfilter der schwarzen Liste hinzugef\u00fcgt und dauerhaft gesperrt. Treffen Werbenachrichten auf unserem Support-System ein, sperren wir den Absender ohne Nachfrage oder Information nach eigenem Ermessen. Bei Postsendungen behalten wir uns vor, den Absender zum L\u00f6schen der Daten aufzufordern.<\/p>\n\n\n\n<div style=\"height:30px\" aria-hidden=\"true\" class=\"wp-block-spacer\"><\/div>\n\n\n\n<h4 class=\"wp-block-heading\">Links<\/h4>\n\n\n\n<p class=\"wp-block-paragraph\">Alle Links zu Webseiten werden auf dieser Webseite als reine Serviceleistung und\/oder als Hinweis angeboten. Alle externen Links wurden bei Erstellung gepr\u00fcft. F\u00fcr die Inhalte, zu denen verlinkt wird, sind die Anbieter der jeweiligen Webseiten selbst verantwortlich. Alle auf dieser Website genannten Produktnamen, Produktbezeichnungen und Logos sind Eigentum der jeweiligen Rechteinhaber und k\u00f6nnen eingetragene Warenzeichen sein.&nbsp;<\/p>\n\n\n\n<div style=\"height:30px\" aria-hidden=\"true\" class=\"wp-block-spacer\"><\/div>\n\n\n\n<h4 class=\"wp-block-heading\">Design und Webhosting<\/h4>\n\n\n\n<div style=\"height:16px\" aria-hidden=\"true\" class=\"wp-block-spacer\"><\/div>\n\n\n\n<figure class=\"wp-block-image size-full is-resized\"><a href=\"https:\/\/qsv.ch\" target=\"_blank\" rel=\"noreferrer noopener\"><img loading=\"lazy\" decoding=\"async\" src=\"https:\/\/schutzundrettung-koeniz.ch\/wp-content\/uploads\/2022\/11\/qsv.ch-Logo_fweb220.png\" alt=\"\" class=\"wp-image-281\" width=\"166\" height=\"50\"\/><\/a><\/figure>\n\n\n\n<div style=\"height:16px\" aria-hidden=\"true\" class=\"wp-block-spacer\"><\/div>\n\n\n\n<p class=\"wp-block-paragraph\">Diese Website wurde mit WordPress erstellt und wird in der Schweiz bei <a rel=\"noreferrer noopener\" href=\"https:\/\/qsv.ch\/\" target=\"_blank\">qsv.ch &#8211; Internet-Service<\/a>&nbsp;gehostet. F\u00fcr die SSL-Verschl\u00fcsselung wird ein Zertifikat von <a rel=\"noreferrer noopener\" href=\"https:\/\/letsencrypt.org\/\" target=\"_blank\">Let&#8217;s Encrypt<\/a>&nbsp;verwendet.<\/p>\n\n\n\n<div style=\"height:30px\" aria-hidden=\"true\" class=\"wp-block-spacer\"><\/div>\n\n\n\n<h4 class=\"wp-block-heading\">Software<\/h4>\n\n\n\n<p class=\"wp-block-paragraph\">Diese Website verwendet zu grossen Teilen Open Source Software. Unser Dank und Respekt geb\u00fchrt den Tausenden von innovativen und unerm\u00fcdlichen Programmiererinnen und Programmierern aus der Open Source Community.<\/p>\n\n\n\n<div style=\"height:30px\" aria-hidden=\"true\" class=\"wp-block-spacer\"><\/div>\n","protected":false},"excerpt":{"rendered":"<p>Impressum Kontakt Schutz &amp; Rettung K\u00f6nizStefan Von AllmenAbteilung SicherheitS\u00e4gestrasse 423098 K\u00f6niz 031 970 96 20stefan.vonallmen@koeniz.chKontaktformular Bildrechte Feuerwehr K\u00f6niz: Es wurden teilweise Bilder der Feuerwehr K\u00f6niz verwendet.Zivilschutzorganisation K\u00f6niz: Mit freundlicher Genehmigung des&nbsp;Bundesamtes f\u00fcr Bev\u00f6lkerungsschutz BABS.Shutterstock \/ Pixabay:&nbsp;Es wurden teilweise lizenzierte Bilder und Videos der Bilddienste Pixabay und Shutterstock als Symbolbilder verwendet. &hellip;<\/p>\n","protected":false},"author":1,"featured_media":0,"parent":0,"menu_order":0,"comment_status":"closed","ping_status":"closed","template":"","meta":{"footnotes":""},"class_list":["post-280","page","type-page","status-publish","hentry"],"_links":{"self":[{"href":"https:\/\/schutzundrettung-koeniz.ch\/index.php\/wp-json\/wp\/v2\/pages\/280","targetHints":{"allow":["GET"]}}],"collection":[{"href":"https:\/\/schutzundrettung-koeniz.ch\/index.php\/wp-json\/wp\/v2\/pages"}],"about":[{"href":"https:\/\/schutzundrettung-koeniz.ch\/index.php\/wp-json\/wp\/v2\/types\/page"}],"author":[{"embeddable":true,"href":"https:\/\/schutzundrettung-koeniz.ch\/index.php\/wp-json\/wp\/v2\/users\/1"}],"replies":[{"embeddable":true,"href":"https:\/\/schutzundrettung-koeniz.ch\/index.php\/wp-json\/wp\/v2\/comments?post=280"}],"version-history":[{"count":2,"href":"https:\/\/schutzundrettung-koeniz.ch\/index.php\/wp-json\/wp\/v2\/pages\/280\/revisions"}],"predecessor-version":[{"id":363,"href":"https:\/\/schutzundrettung-koeniz.ch\/index.php\/wp-json\/wp\/v2\/pages\/280\/revisions\/363"}],"wp:attachment":[{"href":"https:\/\/schutzundrettung-koeniz.ch\/index.php\/wp-json\/wp\/v2\/media?parent=280"}],"curies":[{"name":"wp","href":"https:\/\/api.w.org\/{rel}","templated":true}]}}

<h2 class="wp-block-heading">Impressum</h2>



<div style="height:30px" aria-hidden="true" class="wp-block-spacer"></div>



<h4 class="wp-block-heading">Kontakt</h4>



<p class="wp-block-paragraph">Schutz &amp; Rettung Köniz<br>Stefan Von Allmen<br>Abteilung Sicherheit<br>Sägestrasse 42<br>3098 Köniz</p>



<p class="wp-block-paragraph">031 970 96 20<br><a href="mailto:stefan.vonallmen@koeniz.ch">stefan.vonallmen@koeniz.ch</a><br><a href="https://preview.schutzundrettung-koeniz.ch/kontakt/" data-type="page" data-id="114">Kontaktformular</a></p>



<div style="height:30px" aria-hidden="true" class="wp-block-spacer"></div>



<h4 class="wp-block-heading">Bildrechte</h4>



<p class="wp-block-paragraph"><strong>Feuerwehr Köniz:</strong> Es wurden teilweise Bilder der Feuerwehr Köniz verwendet.<br><strong>Zivilschutzorganisation Köniz:</strong> Mit freundlicher Genehmigung des&nbsp;<a rel="noreferrer noopener" href="http://www.bevoelkerungsschutz.admin.ch/internet/bs/de/home/das_babs.html" target="_blank">Bundesamtes für Bevölkerungsschutz BABS</a>.<br><strong>Shutterstock / Pixabay:</strong>&nbsp;Es wurden teilweise lizenzierte Bilder und Videos der Bilddienste Pixabay und Shutterstock als Symbolbilder verwendet.</p>



<div style="height:30px" aria-hidden="true" class="wp-block-spacer"></div>



<h4 class="wp-block-heading">Werbung über E-Mail und Post</h4>



<p class="wp-block-paragraph">Werbung ist ausdrücklich nicht erwünscht, unabhängig davon, auf welchem Weg diese bei uns eintrifft. Absender von unerwünschten elektronischen Werbenachrichten werden nach unserem Ermessen im Spamfilter der schwarzen Liste hinzugefügt und dauerhaft gesperrt. Treffen Werbenachrichten auf unserem Support-System ein, sperren wir den Absender ohne Nachfrage oder Information nach eigenem Ermessen. Bei Postsendungen behalten wir uns vor, den Absender zum Löschen der Daten aufzufordern.</p>



<div style="height:30px" aria-hidden="true" class="wp-block-spacer"></div>



<h4 class="wp-block-heading">Links</h4>



<p class="wp-block-paragraph">Alle Links zu Webseiten werden auf dieser Webseite als reine Serviceleistung und/oder als Hinweis angeboten. Alle externen Links wurden bei Erstellung geprüft. Für die Inhalte, zu denen verlinkt wird, sind die Anbieter der jeweiligen Webseiten selbst verantwortlich. Alle auf dieser Website genannten Produktnamen, Produktbezeichnungen und Logos sind Eigentum der jeweiligen Rechteinhaber und können eingetragene Warenzeichen sein.&nbsp;</p>



<div style="height:30px" aria-hidden="true" class="wp-block-spacer"></div>



<h4 class="wp-block-heading">Design und Webhosting</h4>



<div style="height:16px" aria-hidden="true" class="wp-block-spacer"></div>



<figure class="wp-block-image size-full is-resized"><a href="https://qsv.ch" target="_blank" rel="noreferrer noopener"><img loading="lazy" decoding="async" src="https://schutzundrettung-koeniz.ch/wp-content/uploads/2022/11/qsv.ch-Logo_fweb220.png" alt="" class="wp-image-281" width="166" height="50"/></a></figure>



<div style="height:16px" aria-hidden="true" class="wp-block-spacer"></div>



<p class="wp-block-paragraph">Diese Website wurde mit WordPress erstellt und wird in der Schweiz bei <a rel="noreferrer noopener" href="https://qsv.ch/" target="_blank">qsv.ch &#8211; Internet-Service</a>&nbsp;gehostet. Für die SSL-Verschlüsselung wird ein Zertifikat von <a rel="noreferrer noopener" href="https://letsencrypt.org/" target="_blank">Let&#8217;s Encrypt</a>&nbsp;verwendet.</p>



<div style="height:30px" aria-hidden="true" class="wp-block-spacer"></div>



<h4 class="wp-block-heading">Software</h4>



<p class="wp-block-paragraph">Diese Website verwendet zu grossen Teilen Open Source Software. Unser Dank und Respekt gebührt den Tausenden von innovativen und unermüdlichen Programmiererinnen und Programmierern aus der Open Source Community.</p>



<div style="height:30px" aria-hidden="true" class="wp-block-spacer"></div>

<p>Impressum Kontakt Schutz &amp; Rettung KönizStefan Von AllmenAbteilung SicherheitSägestrasse 423098 Köniz 031 970 96 20stefan.vonallmen@koeniz.chKontaktformular Bildrechte Feuerwehr Köniz: Es wurden teilweise Bilder der Feuerwehr Köniz verwendet.Zivilschutzorganisation Köniz: Mit freundlicher Genehmigung des&nbsp;Bundesamtes für Bevölkerungsschutz BABS.Shutterstock / Pixabay:&nbsp;Es wurden teilweise lizenzierte Bilder und Videos der Bilddienste Pixabay und Shutterstock als Symbolbilder verwendet. &hellip;</p>
