{"id":284,"date":"2022-11-21T10:39:12","date_gmt":"2022-11-21T10:39:12","guid":{"rendered":"https:\/\/schutzundrettung-koeniz.ch\/?page_id=284"},"modified":"2022-11-21T11:20:32","modified_gmt":"2022-11-21T11:20:32","slug":"datenschutz","status":"publish","type":"page","link":"https:\/\/schutzundrettung-koeniz.ch\/index.php\/datenschutz\/","title":{"rendered":"Datenschutz"},"content":{"rendered":"\n<h2 class=\"wp-block-heading\">Datenschutz<\/h2>\n\n\n\n<div style=\"height:30px\" aria-hidden=\"true\" class=\"wp-block-spacer\"><\/div>\n\n\n\n<h4 class=\"wp-block-heading\">Kontakt<\/h4>\n\n\n\n<p class=\"wp-block-paragraph\">Verantwortlich f\u00fcr diese Website ist:<\/p>\n\n\n\n<p class=\"wp-block-paragraph\">Schutz &amp; Rettung K\u00f6niz<br>Stefan Von Allmen<br>Abteilung Sicherheit<br>S\u00e4gestrasse 42<br>3098 K\u00f6niz<\/p>\n\n\n\n<p class=\"wp-block-paragraph\">031 970 96 20<br><a href=\"mailto:stefan.vonallmen@koeniz.ch\">stefan.vonallmen@koeniz.ch<\/a><\/p>\n\n\n\n<div style=\"height:30px\" aria-hidden=\"true\" class=\"wp-block-spacer\"><\/div>\n\n\n\n<h4 class=\"wp-block-heading\">Grunds\u00e4tze zum Datenschutz<\/h4>\n\n\n\n<p class=\"wp-block-paragraph\">Wir sind darauf bedacht, mit den uns anvertrauten Daten sorgf\u00e4ltig und so sparsam wie m\u00f6glich umzugehen.\u00a0Wir geben oder verkaufen keine Daten \u2013 weder von Kunden noch anderen Kontakten an weitere Personen oder Firmen \u2013 an Dritte weiter.<\/p>\n\n\n\n<p class=\"wp-block-paragraph\">Wir bedienen uns technischer und organisatorischer Sicherheitsmassnahmen, um bei uns gespeicherte pers\u00f6nliche Daten gegen unbeabsichtigte, rechtswidrige oder unberechtigte Manipulation, L\u00f6schung, Ver\u00e4nderung, Zugriff, Weitergabe oder Benutzung und gegen teilweisen oder vollst\u00e4ndigen Verlust zu sch\u00fctzen.&nbsp;Die Verbindung zu unseren Systeme und Diensten erfolgt mittels SSL-Verschl\u00fcsselung, wo die technische M\u00f6glichkeit besteht, bedienen wir Systeme stets mit Zwei-Faktor-Anmeldung.<\/p>\n\n\n\n<p class=\"wp-block-paragraph\">Unsere Sicherheitsmassnahmen werden nach der technologischen Entwicklung fortlaufend angepasst und verbessert. Wir \u00fcbernehmen keinerlei Haftung f\u00fcr den Verlust von Daten oder deren Kenntnisnahme und allf\u00e4llige Nutzung durch Dritte. Auch f\u00fcr die Sicherheit der Daten\u00fcbertragung im Internet k\u00f6nnen wir im keine Gew\u00e4hr \u00fcbernehmen, insbesondere besteht bei der \u00dcbertragung von Informationen per E-Mail die Gefahr des Zugriffs durch Dritte.<\/p>\n\n\n\n<p class=\"wp-block-paragraph\">Wir gehen bei einer Kontaktaufnahme davon aus, das die vorliegenden Bedingungen zum Datenschutz akzeptiert werden.\u00a0<\/p>\n\n\n\n<div style=\"height:30px\" aria-hidden=\"true\" class=\"wp-block-spacer\"><\/div>\n\n\n\n<h4 class=\"wp-block-heading\">Personenbezogene Daten<\/h4>\n\n\n\n<p class=\"wp-block-paragraph\">Diese Website verarbeitet keine personenbezogenen Daten. <\/p>\n\n\n\n<div style=\"height:30px\" aria-hidden=\"true\" class=\"wp-block-spacer\"><\/div>\n\n\n\n<h4 class=\"wp-block-heading\">Cookies und extere Dienste<\/h4>\n\n\n\n<p class=\"wp-block-paragraph\">Diese Website nutzt keine Cookies und keine externen Tools zu Analysezwecke. <\/p>\n\n\n\n<div style=\"height:30px\" aria-hidden=\"true\" class=\"wp-block-spacer\"><\/div>\n\n\n\n<h3 class=\"wp-block-heading\">Statistik<\/h3>\n\n\n\n<p class=\"wp-block-paragraph\">Zur Erfassung von anonymen Besucherzahlen werden Tools des Hostingservers genutzt. Beim Zugriff auf unsere Webseiten werden folgende Daten in Logfiles gespeichert:<\/p>\n\n\n\n<ul class=\"wp-block-list\">\n<li>IP-Adresse<\/li>\n\n\n\n<li>Datum<\/li>\n\n\n\n<li>Uhrzeit<\/li>\n\n\n\n<li>Browser-Anfragen<\/li>\n\n\n\n<li>Provider<\/li>\n\n\n\n<li>Land<\/li>\n\n\n\n<li>Informationen zum Betriebssystem und&nbsp;Browser.<\/li>\n<\/ul>\n\n\n\n<p class=\"wp-block-paragraph\">Diese Nutzungsdaten bilden die Basis f\u00fcr statistische, anonyme Auswertungen, so dass Trends erkennbar sind, anhand derer wir unsere Angebote entsprechend verbessern k\u00f6nnen. Die entsprechenden Statistikdaten basieren auf den Logfiles und werden 12 Monate gespeichert. Es werden keine dieser Daten weitergegeben. Nicht berechtigte Zugriffe auf Loginseiten werden bei Missbrauch gespeichert.<\/p>\n\n\n\n<div style=\"height:30px\" aria-hidden=\"true\" class=\"wp-block-spacer\"><\/div>\n","protected":false},"excerpt":{"rendered":"<p>Datenschutz Kontakt Verantwortlich f\u00fcr diese Website ist: Schutz &amp; Rettung K\u00f6nizStefan Von AllmenAbteilung SicherheitS\u00e4gestrasse 423098 K\u00f6niz 031 970 96 20stefan.vonallmen@koeniz.ch Grunds\u00e4tze zum Datenschutz Wir sind darauf bedacht, mit den uns anvertrauten Daten sorgf\u00e4ltig und so sparsam wie m\u00f6glich umzugehen.\u00a0Wir geben oder verkaufen keine Daten \u2013 weder von Kunden noch anderen &hellip;<\/p>\n","protected":false},"author":1,"featured_media":0,"parent":0,"menu_order":0,"comment_status":"closed","ping_status":"closed","template":"","meta":{"footnotes":""},"class_list":["post-284","page","type-page","status-publish","hentry"],"_links":{"self":[{"href":"https:\/\/schutzundrettung-koeniz.ch\/index.php\/wp-json\/wp\/v2\/pages\/284","targetHints":{"allow":["GET"]}}],"collection":[{"href":"https:\/\/schutzundrettung-koeniz.ch\/index.php\/wp-json\/wp\/v2\/pages"}],"about":[{"href":"https:\/\/schutzundrettung-koeniz.ch\/index.php\/wp-json\/wp\/v2\/types\/page"}],"author":[{"embeddable":true,"href":"https:\/\/schutzundrettung-koeniz.ch\/index.php\/wp-json\/wp\/v2\/users\/1"}],"replies":[{"embeddable":true,"href":"https:\/\/schutzundrettung-koeniz.ch\/index.php\/wp-json\/wp\/v2\/comments?post=284"}],"version-history":[{"count":6,"href":"https:\/\/schutzundrettung-koeniz.ch\/index.php\/wp-json\/wp\/v2\/pages\/284\/revisions"}],"predecessor-version":[{"id":296,"href":"https:\/\/schutzundrettung-koeniz.ch\/index.php\/wp-json\/wp\/v2\/pages\/284\/revisions\/296"}],"wp:attachment":[{"href":"https:\/\/schutzundrettung-koeniz.ch\/index.php\/wp-json\/wp\/v2\/media?parent=284"}],"curies":[{"name":"wp","href":"https:\/\/api.w.org\/{rel}","templated":true}]}}

<h2 class="wp-block-heading">Datenschutz</h2>



<div style="height:30px" aria-hidden="true" class="wp-block-spacer"></div>



<h4 class="wp-block-heading">Kontakt</h4>



<p class="wp-block-paragraph">Verantwortlich für diese Website ist:</p>



<p class="wp-block-paragraph">Schutz &amp; Rettung Köniz<br>Stefan Von Allmen<br>Abteilung Sicherheit<br>Sägestrasse 42<br>3098 Köniz</p>



<p class="wp-block-paragraph">031 970 96 20<br><a href="mailto:stefan.vonallmen@koeniz.ch">stefan.vonallmen@koeniz.ch</a></p>



<div style="height:30px" aria-hidden="true" class="wp-block-spacer"></div>



<h4 class="wp-block-heading">Grundsätze zum Datenschutz</h4>



<p class="wp-block-paragraph">Wir sind darauf bedacht, mit den uns anvertrauten Daten sorgfältig und so sparsam wie möglich umzugehen. Wir geben oder verkaufen keine Daten – weder von Kunden noch anderen Kontakten an weitere Personen oder Firmen – an Dritte weiter.</p>



<p class="wp-block-paragraph">Wir bedienen uns technischer und organisatorischer Sicherheitsmassnahmen, um bei uns gespeicherte persönliche Daten gegen unbeabsichtigte, rechtswidrige oder unberechtigte Manipulation, Löschung, Veränderung, Zugriff, Weitergabe oder Benutzung und gegen teilweisen oder vollständigen Verlust zu schützen.&nbsp;Die Verbindung zu unseren Systeme und Diensten erfolgt mittels SSL-Verschlüsselung, wo die technische Möglichkeit besteht, bedienen wir Systeme stets mit Zwei-Faktor-Anmeldung.</p>



<p class="wp-block-paragraph">Unsere Sicherheitsmassnahmen werden nach der technologischen Entwicklung fortlaufend angepasst und verbessert. Wir übernehmen keinerlei Haftung für den Verlust von Daten oder deren Kenntnisnahme und allfällige Nutzung durch Dritte. Auch für die Sicherheit der Datenübertragung im Internet können wir im keine Gewähr übernehmen, insbesondere besteht bei der Übertragung von Informationen per E-Mail die Gefahr des Zugriffs durch Dritte.</p>



<p class="wp-block-paragraph">Wir gehen bei einer Kontaktaufnahme davon aus, das die vorliegenden Bedingungen zum Datenschutz akzeptiert werden. </p>



<div style="height:30px" aria-hidden="true" class="wp-block-spacer"></div>



<h4 class="wp-block-heading">Personenbezogene Daten</h4>



<p class="wp-block-paragraph">Diese Website verarbeitet keine personenbezogenen Daten. </p>



<div style="height:30px" aria-hidden="true" class="wp-block-spacer"></div>



<h4 class="wp-block-heading">Cookies und extere Dienste</h4>



<p class="wp-block-paragraph">Diese Website nutzt keine Cookies und keine externen Tools zu Analysezwecke. </p>



<div style="height:30px" aria-hidden="true" class="wp-block-spacer"></div>



<h3 class="wp-block-heading">Statistik</h3>



<p class="wp-block-paragraph">Zur Erfassung von anonymen Besucherzahlen werden Tools des Hostingservers genutzt. Beim Zugriff auf unsere Webseiten werden folgende Daten in Logfiles gespeichert:</p>



<ul class="wp-block-list">
<li>IP-Adresse</li>



<li>Datum</li>



<li>Uhrzeit</li>



<li>Browser-Anfragen</li>



<li>Provider</li>



<li>Land</li>



<li>Informationen zum Betriebssystem und&nbsp;Browser.</li>
</ul>



<p class="wp-block-paragraph">Diese Nutzungsdaten bilden die Basis für statistische, anonyme Auswertungen, so dass Trends erkennbar sind, anhand derer wir unsere Angebote entsprechend verbessern können. Die entsprechenden Statistikdaten basieren auf den Logfiles und werden 12 Monate gespeichert. Es werden keine dieser Daten weitergegeben. Nicht berechtigte Zugriffe auf Loginseiten werden bei Missbrauch gespeichert.</p>



<div style="height:30px" aria-hidden="true" class="wp-block-spacer"></div>

<p>Datenschutz Kontakt Verantwortlich für diese Website ist: Schutz &amp; Rettung KönizStefan Von AllmenAbteilung SicherheitSägestrasse 423098 Köniz 031 970 96 20stefan.vonallmen@koeniz.ch Grundsätze zum Datenschutz Wir sind darauf bedacht, mit den uns anvertrauten Daten sorgfältig und so sparsam wie möglich umzugehen. Wir geben oder verkaufen keine Daten – weder von Kunden noch anderen &hellip;</p>
